hat is 10100000001 + -1101?
10011110100
In base 15, what is -1cd + 1?
-1cc
In base 16, what is 4b - -3?
4e
In base 12, what is -1 + 51?
50
In base 5, what is 340 - -12?
402
In base 5, what is -12403 - -1?
-12402
In base 6, what is 354 - -2?
400
In base 9, what is -13 + -230?
-243
In base 12, what is -5 + 7a0?
797
In base 13, what is -5 - 139?
-141
In base 12, what is 208 + 4?
210
In base 14, what is -1 + -69?
-6a
In base 16, what is -419 - 5?
-41e
In base 4, what is 10 - -1131?
1201
In base 14, what is a9 - -5?
b0
In base 4, what is 2 - 1003?
-1001
In base 3, what is 201121 - 11?
201110
In base 5, what is -10 - -21?
11
In base 11, what is 9 - -581?
58a
In base 16, what is -e + 5ed?
5df
In base 13, what is 4 + 4a?
51
In base 2, what is 10011011 - 1110?
10001101
In base 2, what is 101 + 10?
111
In base 15, what is 6 - 3?
3
In base 7, what is -2610 - -14?
-2563
In base 14, what is -12 - -52?
40
In base 12, what is 11 - 49?
-38
In base 15, what is -4 + 395?
391
In base 10, what is 12 - -4?
16
In base 15, what is c0 + -4?
bb
In base 3, what is -2 + 11122?
11120
In base 9, what is 2 + -1067?
-1065
In base 5, what is 2 + -2124?
-2122
In base 4, what is -2 + -1103?
-1111
In base 16, what is -2 + 15?
13
In base 15, what is 1 - 5?
-4
In base 4, what is -3103 - -1?
-3102
In base 13, what is 6 + 282?
288
In base 6, what is 5040 + -3?
5033
In base 2, what is -1100011 - 1101?
-1110000
In base 10, what is 2 + 91?
93
In base 12, what is -5 + 955?
950
In base 4, what is -20022 - 3?
-20031
In base 5, what is 1321 - 1?
1320
In base 8, what is -3 + 15334?
15331
In base 5, what is -4 + -3103?
-3112
In base 4, what is -12 + 111022?
111010
In base 2, what is -101 - 101010?
-101111
In base 6, what is 4 - 1233?
-1225
In base 7, what is 1 + 120?
121
In base 4, what is -11 + -300?
-311
In base 2, what is -1000011100101 - -11?
-1000011100010
In base 6, what is 5 - 2023?
-2014
In base 11, what is 24 - -3?
27
In base 4, what is -31 - -32?
1
In base 12, what is 1 + -80b?
-80a
In base 16, what is 0 - 3ac?
-3ac
In base 10, what is -2 + 269?
267
In base 13, what is 3 + 27?
2a
In base 15, what is 0 - a?
-a
In base 14, what is 5 + -17?
-12
In base 14, what is -3a0 + 0?
-3a0
In base 7, what is 1101 - -60?
1161
In base 3, what is 1 + 111002?
111010
In base 11, what is -28 - 656?
-683
In base 10, what is 11 - 22?
-11
In base 4, what is 13 + -12020?
-12001
In base 9, what is 211 - 7?
203
In base 7, what is 134 + -13?
121
In base 9, what is 4 - -23?
27
In base 14, what is -5 - 1d41?
-1d46
In base 15, what is 223 - 4?
21e
In base 3, what is -12 - 21?
-110
In base 15, what is -b5 - 2b?
-e1
In base 13, what is 7 - 149?
-142
In base 5, what is -22 - 42?
-114
In base 3, what is 20 - -201?
221
In base 8, what is 21 - 4?
15
In base 15, what is -28 - 16?
-3e
In base 2, what is 10000 - -10010001?
10100001
In base 15, what is 4a1 + -4?
49c
In base 9, what is -24 + -1?
-25
In base 7, what is 510 - 5?
502
In base 5, what is -1 - -113302?
113301
In base 6, what is 54401 - -3?
54404
In base 12, what is 3a30 - -1?
3a31
In base 10, what is 321 - -9?
330
In base 12, what is 319 + -3?
316
In base 8, what is -55 + -60?
-135
In base 16, what is 22 + 9?
2b
In base 14, what is 2 + 16?
18
In base 6, what is 52 + 4?
100
In base 10, what is 677 - -6?
683
In base 5, what is 11 + -14?
-3
In base 3, what is 11 - 20001?
-12220
In base 6, what is -333 + -15?
-352
In base 16, what is -2 - 4a?
-4c
In base 14, what is -5 + -20d9?
-2100
In base 15, what is -91 - -5a?
-36
In base 16, what is -3 + cd?
ca
In base 15, what is 40 - -5?
45
In base 16, what is 1 + -345?
-344
In base 13, what is -a9 - -1?
-a8
In base 4, what is -32 - -20223?
20131
In base 3, what is 121 - -100100?
100221
In base 2, what is 100 - 1010100000?
-1010011100
In base 13, what is -23 - a?
-30
In base 8, what is -101 - 14?
-115
In base 14, what is 124 - 3b?
c7
In base 2, what is 1111011111 + 1?
1111100000
In base 10, what is 4 - -6?
10
In base 13, what is 2 - c7?
-c5
In base 6, what is 3 - -112?
115
In base 11, what is 4 - 8?
-4
In base 6, what is 42311 + 2?
42313
In base 9, what is -8 - 4177?
-4186
In base 10, what is 5 + 36?
41
In base 5, what is -312134 - -4?
-312130
In base 15, what is -55 + a?
-4a
In base 12, what is 4 + -79?
-75
In base 16, what is 6 - 1f?
-19
In base 9, what is -82 + 16?
-65
In base 13, what is 1ca + -2?
1c8
In base 13, what is 762 - -1?
763
In base 2, what is 101 - 110?
-1
In base 8, what is 17 + 52?
71
In base 4, what is 2323 + -1?
2322
In base 2, what is 0 - 10000101010?
-10000101010
In base 10, what is 30 + -9?
21
In base 9, what is 2 - -4444?
4446
In base 9, what is -10 - -157?
147
In base 12, what is -236 - 0?
-236
In base 11, what is -4 - -23?
1a
In base 4, what is 2 - -120?
122
In base 16, what is -44 - -5?
-3f
In base 9, what is 260 - -1?
261
In base 8, what is 10 + -103?
-73
In base 7, what is -4 + 1540?
1533
In base 13, what is 60 - -1?
61
In base 10, what is 255 - -6?
261
In base 12, what is 1 - 2b21?
-2b20
In base 4, what is -133201 + -1?
-133202
In base 12, what is 49 - -1aa?
237
In base 3, what is 2200 + -10?
2120
In base 15, what is -1ec + -7?
-204
In base 9, what is 0 + -210?
-210
In base 2, what is -1010011110111110 - 1?
-1010011110111111
In base 16, what is 1 - 84?
-83
In base 6, what is -5 + 3?
-2
In base 15, what is 0 + 47?
47
In base 12, what is -1 - -25a6?
25a5
In base 12, what is 6 + 2?
8
In base 16, what is 3 - 1a5?
-1a2
In base 2, what is 1011111000100 - 1?
1011111000011
In base 13, what is -391 + 1?
-390
In base 12, what is 80 + 5?
85
In base 11, what is -346 + -1?
-347
In base 15, what is -1 - -ad5?
ad4
In base 4, what is 11 - -213?
230
In base 3, what is -2 + 1210?
1201
In base 2, what is 1100000 - -11111?
1111111
In base 2, what is -11110001000 + 101?
-11110000011
In base 13, what is 13 + -79?
-66
In base 12, what is -4 - 8a?
-92
In base 14, what is -3 + -515?
-518
In base 8, what is -56 - 7?
-65
In base 7, what is 3 - 1514?
-1511
In base 7, what is 115 + -1040?
-622
In base 16, what is -d3 - 2?
-d5
In base 2, what is -10 - 100000011110?
-100000100000
In base 8, what is 4046 - 2?
4044
In base 11, what is -18 + -19?
-36
In base 6, what is -1230 - -2?
-1224
In base 3, what is -211200 - -121?
-211002
In base 11, what is -1 + -78?
-79
In base 12, what is 4177 + -1?
4176
In base 2, what is 11 - -1010111?
1011010
In base 13, what is -b + -12?
-20
In base 13, what is -cc + 4?
-c8
In base 6, what is 1 - 445?
-444
In base 8, what is -1 + -242?
-243
In base 6, what is -2043 - 50?
-2133
In base 15, what is -4127 - 5?
-412c
In base 3, what is 1 + 121222?
122000
In base 6, what is -13255 + 1?
-13254
In base 13, what is 3c + 3?
42
In base 10, what is 62 - -10?
72
In base 8, what is 3 + 3005?
3010
In base 13, what is 0 - 8?
-8
In base 15, what is 9 - 8?
1
In base 16, what is a00 + 3?
a03
In base 11, what is -1 - 107?
-108
In base 15, what is -13 - -14?
1
In base 5, what is -32 + 1?
-31
In base 7, what is -4464 - -10?
-4454
In base 5, what is -4 - -2424?
2420
In base 7, what is 0 + 2644?
2644
In base 10, what is -493 - 1?
-494
In base 13, what is -4 - 195?
-199
In base 15, what is -b + 1d?
12
In base 4, what is -10 - -1220?
1210
In base 15, what is -13 + 6?
-c
In base 12, what is -15 - 20?
-35
In base 12, what is -5 + -121?
-126
In base 16, what is -8b2 - 3?
-8b5
In base 6, what is 5 - -12?
21
In base 5, what is -244 - -32?
-212
In base 9, what is 1 + -72?
-71
In base 11, what is -2 + -23?
-25
In base 15, what is 1 + -1?
0
In base 9, what is -244 + -37?
-282
In base 14, what is b - 2d?
-22
In base 10, what is -16 - 286?
-302
In base 6, what is -4033 + -5?
-4042
In base 3, what is 112 + -102?
10
In base 7, what is 3354 + -4?
3350
In base 4, what is 3223 - 10?
3213
In base 15, what is -b8 - 1c?
-d5
In base 16, what is 3f46 + -4?
3f42
In base 12, what is -2668 - -1?
-2667
In base 13, what is -17c - 0?
-17c
In base 8, what is -1 + -304?
-305
In base 10, what is -21 + -62?
-83
In base 11, what is -189 + 4?
-185
In base 6, what is 12 - -1?
13
In base 4, what is -2 + -2?
-10
In base 16, what is 6 - -4db?
4e1
In base 4, what is 3 - 12123?
-12120
In base 2, what is 1011 + 100001?
101100
In base 5, what is 3412 - -10?
3422
In base 11, what is a5 - -4?
a9
In base 11, what is 43 - 6?
38
In base 14, what is 3 - 626?
-623